Is 118784 a multiple of 14?
False
Is 151 a factor of 524622?
False
Is 104 a factor of 1206088?
True
Is 256496 a multiple of 68?
True
Is 132786 a multiple of 9?
True
Is 67 a factor of 85090?
True
Is 83 a factor of 100596?
True
Does 33 divide 7890381?
False
Is 117471 a multiple of 18?
False
Is 21 a factor of 6049092?
True
Does 120 divide 8381341?
False
Is 90794 a multiple of 22?
True
Does 32 divide 15281355?
False
Is 11 a factor of 677188?
False
Is 113688 a multiple of 6?
True
Is 38 a factor of 101460?
True
Does 81 divide 1255176?
True
Is 6 a factor of 1679910?
True
Does 20 divide 575760?
True
Is 728108 a multiple of 18?
False
Is 22 a factor of 1118540?
False
Does 561 divide 989499?
False
Is 810434 a multiple of 12?
False
Is 15 a factor of 10921200?
True
Is 10 a factor of 5142545?
False
Is 54621 a multiple of 189?
True
Is 15337815 a multiple of 267?
True
Does 36 divide 1296359?
False
Is 173609 a multiple of 6?
False
Does 27 divide 1297452?
False
Does 107 divide 5994597?
False
Is 2272389 a multiple of 5?
False
Is 102 a factor of 2675970?
True
Does 23 divide 7496895?
False
Does 13 divide 32935838?
True
Is 15023 a multiple of 13?
False
Is 95807 a multiple of 3?
False
Is 3045195 a multiple of 103?
True
Is 255143 a multiple of 127?
True
Is 37 a factor of 5903186?
False
Is 12 a factor of 3742983?
False
Is 103520 a multiple of 53?
False
Is 208 a factor of 236405?
False
Does 17 divide 1890030?
False
Does 2 divide 364679?
False
Is 3793 a multiple of 50?
False
Is 48 a factor of 70176?
True
Is 1665781 a multiple of 59?
False
Is 25 a factor of 43694?
False
Does 942 divide 5792358?
True
Is 24 a factor of 12103043?
False
Is 495820 a multiple of 5?
True
Does 330 divide 1815660?
True
Does 235 divide 156508?
False
Is 65 a factor of 14420510?
True
Does 464 divide 673264?
True
Does 19 divide 232630?
False
Is 10835379 a multiple of 10?
False
Is 427 a factor of 197556?
False
Is 100453 a multiple of 5?
False
Is 6756 even?
True
Does 21 divide 2769459?
True
Is 11115785 a multiple of 15?
False
Is 83 a factor of 211982?
True
Is 624598 a multiple of 13?
True
Does 253 divide 700417?
False
Is 16 a factor of 2646087?
False
Does 79 divide 161681?
False
Is 17003 a multiple of 5?
False
Does 620 divide 29414867?
False
Is 71 a factor of 699137?
True
Does 104 divide 9031087?
False
Is 82 a factor of 34901?
False
Does 95 divide 130815?
True
Is 587 a factor of 3138102?
True
Does 17 divide 521369?
False
Does 13 divide 748094?
False
Does 33 divide 7342056?
False
Is 158 a factor of 1232935?
False
Does 76 divide 990736?
True
Does 579 divide 2340218?
False
Is 69 a factor of 2213520?
True
Does 186 divide 92256?
True
Is 215674 a multiple of 367?
False
Is 189 a factor of 862218?
True
Is 136 a factor of 129895?
False
Does 10 divide 465945?
False
Is 10662 a multiple of 3?
True
Is 112049 even?
False
Does 14 divide 1299018?
True
Does 6 divide 259338?
True
Is 182296 a multiple of 461?
False
Is 119 a factor of 106061?
False
Is 5 a factor of 131062?
False
Is 38 a factor of 2793239?
False
Does 793 divide 4807166?
True
Is 5885332 a multiple of 30?
False
Does 2 divide 137978?
True
Is 29 a factor of 107241?
False
Is 4718160 a multiple of 8?
True
Is 3073187 a multiple of 7?
False
Is 691984 a multiple of 35?
False
Is 14 a factor of 2053721?
False
Is 8 a factor of 312104?
True
Does 43 divide 338023?
True
Is 806409 a multiple of 9?
True
Is 47 a factor of 5156793?
True
Does 10 divide 398960?
True
Is 9 a factor of 6073110?
True
Does 128 divide 4251781?
False
Is 457 a factor of 102570?
False
Is 81336 a multiple of 24?
True
Is 515 a factor of 10314268?
False
Is 10 a factor of 3398262?
False
Does 4 divide 18996?
True
Is 11 a factor of 337871?
False
Is 98696 a multiple of 146?
True
Does 146 divide 361788?
True
Is 156 a factor of 3188426?
False
Does 24 divide 89928?
True
Does 83 divide 882124?
True
Does 57 divide 169917?
True
Is 1746294 a multiple of 33?
True
Does 17 divide 7638933?
True
Is 228 a factor of 283629?
False
Does 11 divide 544057?
False
Is 62 a factor of 1060650?
False
Is 661206 a multiple of 91?
True
Is 47229 a multiple of 7?
True
Is 8090460 a multiple of 90?
True
Does 46 divide 716588?
True
Does 274 divide 257560?
True
Is 61994 a multiple of 278?
True
Is 6190847 a multiple of 255?
False
Does 7 divide 1738604?
True
Is 491 a factor of 12677890?
False
Is 143837 a multiple of 43?
False
Is 18 a factor of 23188222?
False
Does 31 divide 4349292?
False
Is 492 a factor of 379958?
False
Is 46 a factor of 1984685?
False
Is 126729 a multiple of 9?
True
Does 11 divide 190479?
False
Is 243 a factor of 960223?
False
Is 10 a factor of 1961579?
False
Does 1306 divide 7076365?
False
Is 466 a factor of 13107410?
False
Is 225 a factor of 7650?
True
Is 587773 a multiple of 30?
False
Is 9 a factor of 524736?
True
Is 552071 a multiple of 27?
False
Does 1827 divide 6080256?
True
Is 8052555 a multiple of 795?
True
Is 14309911 a multiple of 50?
False
Does 259 divide 1201361?
False
Does 100 divide 17400?
True
Does 113 divide 96615?
True
Is 103 a factor of 359050?
False
Is 2088030 a multiple of 1141?
True
Does 19 divide 135909?
False
Is 46 a factor of 578772?
True
Does 5 divide 25510?
True
Is 7 a factor of 4783828?
True
Does 735 divide 26146890?
True
Does 81 divide 108621?
True
Does 645 divide 3290145?
True
Does 158 divide 40188?
False
Is 70431 a multiple of 7?
False
Is 456 a factor of 3013685?
False
Is 801 a factor of 5291460?
False
Does 53 divide 156260?
False
Is 43 a factor of 453736?
True
Is 31 a factor of 8568276?
True
Does 83 divide 2849473?
True
Does 2 divide 96269?
False
Is 4738488 a multiple of 179?
True
Does 1203 divide 15402237?
False
Is 5191579 a multiple of 42?
False
Is 9 a factor of 169030?
False
Is 3035534 a multiple of 397?
False
Does 19 divide 72883?
False
Is 109648 a multiple of 14?
True
Is 119 a factor of 854553?
False
Is 78 a factor of 8446854?
True
Does 156 divide 102262?
False
Does 14 divide 4171190?
False
Does 12 divide 1359598?
False
Does 15 divide 857400?
True
Does 39 divide 7855999?
False
Is 10211886 a multiple of 787?
False
Is 4224615 a multiple of 443?
False
Is 16455013 a multiple of 22?
False
Does 1458 divide 7008606?
True
Is 4513677 a multiple of 59?
True
Is 88077 a multiple of 37?
False
Is 20791 a multiple of 9?
False
Does 717 divide 5603777?
False
Does 90 divide 4972500?
True
Does 12 divide 49895?
False
Does 161 divide 3386877?
False
Is 339125 a multiple of 92?
False
Is 199 a factor of 5659958?
True
Does 5 divide 3002348?
False
Is 34932 a multiple of 3?
True
Is 53 a factor of 26553?
True
Does 184 divide 2862120?
True
Is 10 a factor of 1433270?
True
Is 39 a factor of 79367?
False
Is 95 a factor of 3188770?
True
Is 96778 a multiple of 53?
True
Is 10100 a multiple of 505?
True
Does 529 divide 8550756?
True
Does 95 divide 1843475?
True
Is 4 a factor of 25047?
False
Is 92 a factor of 698924?
True
Is 958482 a multiple of 63?
True
Is 671974 a multiple of 158?
True
Does 561 divide 1217451?
False
Is 29403 a multiple of 27?
True
Is 956540 a multiple of 283?
True
Is 583671 a multiple of 23?
True
Does 266 divide 326648?
True
Does 11 divide 1093988?
False
Is 613811 a multiple of 24?
False
Is 580 a factor of 3354720?
True
Is 13 a factor of 4580223?
False
Is 1042363 a multiple of 578?
False
Is 835268 a multiple of 23?
True
Is 15 a factor of 1837136?
False
Does 46 divide 177993?
False
Is 905274 a multiple of 28?
False
Is 62532 a multiple of 12?
True
Is 18 a factor of 45768?
False
Does 516 divide 410736?
True
Is 25821285 a multiple of 57?
True
Is 526870 a multiple of 38?
True
Is 218736 a multiple of 147?
True
Is 8 a factor of 14923?
False
Is 180 a factor of 6246360?
True
Does 18 divide 6049273?
False
Is 35 a factor of 624701?
False
Is 7 a factor of 4219089?
True
Does 348 divide 227592?
True
Is 23193 a multiple of 139?
False
Does 348 divide 277356?
True
Is 2 a factor of 20379?
False
Is 15 a factor of 52539?
False
Is 178 a factor of 1916170?
True
Does 2353 divide 8103732?
True
Is 1023 a factor of 20181219?
False
Is 13 a factor of 320021?
True
Does 4 divide 406196?
True
Is 34988 a multiple of 70?
False
Does 227 divide 212965?
False
Is 91373 a multiple of 38?
False
Does 24 divide 75381?
False
Is 62802 a multiple of 6?
True
Does 243 divide 2315265?
False
Is 12 a factor of 1375608?
True
Is 70452 a multiple of 18?